 highest common factor of j and 17.
17
Let j(u) = -8*u + 1. Let d be j(-7). Let o(r) = r**2 + 115*r - 5719. Let k be o(38). Calculate the highest common divisor of d and k.
19
Suppose -4 = w, -153 + 9 = -t + 3*w. Let x be (-4)/(8/77)*2340/(-273). What is the greatest common factor of x and t?
66
Let a be 4*(-27)/36 + 714. Calculate the greatest common divisor of a and 9.
9
Suppose 0 = j - 4*g - 344, -5*j + 1136 = -g - 698. Calculate the greatest common divisor of j and 128.
16
Let j be -20*96/(-1080)*9. What is the greatest common factor of j and 83?
1
Suppose -22 = -4*v + 2*o, 5*v + 5 = 5*o + 45. Suppose -5*l - 2*q - q = -6625, 3975 = v*l + 5*q. What is the highest common factor of l and 53?
53
Let x = 703 + -213. Suppose -x = 15*g - 2050. What is the greatest common factor of 1352 and g?
104
Let o = 271 + -269. Suppose -5*i + o*g + 315 = 0, 17 = i - 2*g - 38. What is the highest common factor of 585 and i?
65
Let k(q) = -2*q**2 - 45*q - 197. Let v be k(-15). Calculate the highest common factor of 182 and v.
14
Let s(w) = -66 - 7*w + 84 + 65. Let n be s(-19). What is the highest common divisor of 24 and n?
24
Suppose -44*o + 37*o + 1547 = 0. Let t = 417 - o. Calculate the greatest common factor of 49 and t.
49
Suppose 0 = 28*z - 17*z - 14784. Suppose 0 = -16*k - 26*k + z. Calculate the greatest common divisor of 4 and k.
4
Let d = -8 + 15. Suppose -1806 = -49*o + 595. Calculate the highest common factor of o and d.
7
Let c(w) be the second derivative of -w**5/20 + 5*w**4/2 + 31*w**3/3 + 50*w**2 - 264*w. Let a be c(32). What is the greatest common factor of a and 90?
18
Let w = -41 + 44. Suppose 2*p = -w*q + 4*p - 5, 2*q - p = -2. Let l be ((-259)/(-14))/((-22)/(-20) - q). Calculate the greatest common divisor of 74 and l.
37
Let o be (28/(-35))/((-10)/1925). What is the highest common divisor of o and 88?
22
Let w(g) = 17*g - 16. Let l be w(6). Suppose 81*u + 165 = l*u. Let s(x) = -5*x - 3. Let t be s(-5). What is the highest common factor of u and t?
11
Suppose 88*p - 90*p = -3*q - 4884, -12168 = -5*p - 3*q. Calculate the highest common divisor of 168 and p.
84
Let h(v) be the second derivative of -v**5/20 + v**4/4 + 37*v**3/6 - 3*v**2 - 19*v + 1. Let t be h(7). Calculate the greatest common factor of 38 and t.
19
Let n = -1399 + 1474. Calculate the greatest common divisor of 775 and n.
25
Let w = 2204 - 2139. Calculate the highest common factor of w and 1599.
13
Let x be (660/(-8))/11*8/(-6). Suppose -10 + x = -2*i. Suppose i = -0*p - 6*p + 72. What is the highest common factor of p and 6?
6
Let f = 31618 - 14748. Calculate the highest common factor of f and 20.
10
Let h(w) = 2*w**3 + 7*w**2 - 4*w + 3. Let q be h(-4). Let x be (2052/45)/(q/10). What is the greatest common divisor of 38 and x?
38
Let x = -108 + -1003. Let i = 73 - x. What is the highest common divisor of 37 and i?
37
Let h be ((-164738)/196)/(1/(-2)). Suppose h = 2*m + 1649. Calculate the highest common divisor of 1904 and m.
16
Let s = -3 - -8. Suppose 17 = -7*c + 17. Suppose c = 2*h - t - 4, -h - 5*t + 2*t + 9 = 0. What is the highest common divisor of h and s?
1
Let q(v) = -3*v**2 + 25*v + 23. Let y be q(13). Let a = 156 + y. Let s be 16 - (5 + (a - 2)). Calculate the greatest common factor of s and 24.
8
Let l = 235 + -165. Suppose 6209 = 9*j + 3*u - 3880, 2*j - 2228 = 4*u. What is the highest common factor of l and j?
70
Let i = -1115 - -1187. Suppose -69 = -x - 5*p, 4*x - 154 - 53 = 3*p. Calculate the greatest common divisor of i and x.
18
Let t(g) = -g**3 + 14*g**2 - 33*g - 69. Let h be t(10). Calculate the greatest common factor of 29 and h.
1
Suppose -4*g + 2*d + 44 = 0, 48 = 100*g - 97*g + d. Calculate the highest common factor of 3199 and g.
7
Let m = 787 + -520. Let l(y) = -98*y - 624. Let z be l(-10). What is the greatest common divisor of m and z?
89
Let t(p) = -153*p**2 + 1. Let v be (-1 - -4) + (-2 - (-3 + 5)). Let q be t(v). Let u be (2 - 6)/(4/q). Calculate the highest common factor of u and 19.
19
Suppose 211*s = 229*s - 252. Calculate the highest common divisor of 36 and s.
2
Suppose -5*d - 3*n + 20 = 0, -12 = -3*d + 2*n - 0. Suppose -2*w = -d*w + 12. Let j = 55 - 7. What is the greatest common factor of w and j?
6
Suppose 2*c = -0*c + 172. Let h = -143 - -164. Suppose -3*v + 105 = 3*f - h, 5*f - 2*v - 217 = 0. Calculate the highest common divisor of f and c.
43
Suppose -16*y - 16*y = 12416. Let n = y - -1460. Calculate the highest common factor of 16 and n.
16
Let k = -63 + 51. Let o be (k/10)/((-6)/(-420)*-4). Suppose -5*t + 1701 = 4*t. Calculate the highest common factor of o and t.
21
Suppose 12*s - 9*s - 63 = 0. Let q = 4013 - 3656. What is the highest common factor of s and q?
21
Let x = 205 + -102. Let n = x - 18. Calculate the greatest common divisor of n and 85.
85
Suppose 0 = 5*p + 5*b - 5, -3*p + 4*p + 4*b = 4. Suppose -207 = -p*r - 9*r. Let z = 244 + -106. What is the highest common divisor of z and r?
23
Suppose -3*t + 3*b - 5 = -2*b, -5*b = 4*t - 5. Suppose -4*o + 3*q = t, -4*o - 5*q = -23 - 9. What is the greatest common divisor of 33 and o?
3
Let b = -3776 + 3781. What is the highest common divisor of 2980 and b?
5
Let k be (3087/245)/(18/120). What is the highest common divisor of 29148 and k?
84
Suppose -3*a + 44 = j, -a - j + 12 = -0*a. Suppose -2*k - 4*t = -572, -4*k + 13*t = 16*t - 1109. Calculate the highest common factor of k and a.
16
Let n = 65 + 247. Let r be -3*13/(n/(-64)). Let u = -77 - -141. What is the greatest common factor of r and u?
8
Let j be (0 - 1/(-9)) + 424/477. Let t = 933 + -802. What is the greatest common divisor of t and j?
1
Let a(y) be the third derivative of 14*y**4/3 - 4*y**3/3 - 40*y**2. Let h be a(2). What is the highest common divisor of 8 and h?
8
Suppose 0 = 4*u - 2*j + 846, -315 = -3*u + 2*j - 949. Let y = u - -242. What is the greatest common factor of 1 and y?
1
Let m(r) = 96*r - 634. Let d be m(12). Let i = 24 + -10. What is the greatest common divisor of i and d?
14
Suppose 97*v - 114345 = 34*v. Calculate the highest common divisor of v and 5115.
165
Let y = -4299 - -4428. What is the greatest common divisor of 4300 and y?
43
Suppose 552*b - 3754 = 4526. What is the greatest common divisor of 36 and b?
3
Suppose -132 = -4*y + 4*d, 3*y + 78*d - 76*d = 114. Calculate the greatest common factor of y and 1172.
4
Suppose 2*d = 4, 29*m - 32*m - 3*d = -81. What is the highest common factor of m and 1475?
25
Let m be (-173 - -495)*51/6. What is the highest common factor of m and 17?
17
Let j be (5 + -2)/((-1)/(-47)). Suppose -2070 = -11*h + j. Calculate the greatest common factor of 67 and h.
67
Suppose 5*m - 546 = 2*m. Suppose 46*p - 410*p - 40*p = -11312. What is the highest common divisor of m and p?
14
Suppose 0*r - 10 = -r. Let f(k) = -k**3 + 13*k**2 + 168*k - 950. Let l be f(6). What is the greatest common divisor of l and r?
10
Suppose -3*z - 35 = -149. Let h be (z/(-2) + -3)/(-5 - -4). Calculate the highest common divisor of 110 and h.
22
Let b be ((-396)/54)/((-22)/1221). Calculate the greatest common divisor of 66 and b.
11
Let x(s) = s + 2. Let v be x(7). Let y be 2/(-2 + 15/6 + 0). Suppose o + y*o - 215 = -5*m, 5*m = -4*o + 217. Calculate the greatest common divisor of v and m.
9
Let d(q) = 13*q + 136. Suppose x + x = 18. Let f be d(x). Calculate the highest common divisor of f and 23.
23
Let k = -39143 - -39213. What is the highest common factor of 12530 and k?
70
Let c(z) = 28*z**3 - 13*z**2 + z - 6. Let v be c(4). Calculate the greatest common divisor of v and 14.
14
Suppose a + 72 = 2*a + 3*n, -216 = -3*a + 5*n. Let f be 0/(-3)*6/(-12). Suppose -6*p + a = -f*p. Calculate the highest common divisor of 156 and p.
12
Let i be (-1 - -34)/((-15)/(-50)). Let u = i + 1. Let f be -2*(-11)/220 - (-369)/10. What is the highest common divisor of u and f?
37
Let r = -23 + 29. Suppose -1 - r = -7*v. Let a(o) = 18*o**2 + 2*o - 1. Let g be a(v). What is the highest common divisor of 76 and g?
19
Suppose -5*n = a - 0*a - 1076, -3*n + 2*a = -656. Let m = 0 + n. What is the highest common factor of 6 and m?
6
Let c = -12360 + 31213. What is the greatest common divisor of 17 and c?
17
Let j(m) = 7*m**2 - 36*m - 246. Let y be j(-6). What is the greatest common divisor of 72 and y?
6
Suppose -2*l = -31 - 